{"id":78,"date":"2015-10-19T10:43:17","date_gmt":"2015-10-19T10:43:17","guid":{"rendered":"http:\/\/www.tonisson.ee\/joeranna\/?page_id=78"},"modified":"2018-01-16T13:03:22","modified_gmt":"2018-01-16T13:03:22","slug":"sinu-uus-kodu-akadeemilises-linnaosas","status":"publish","type":"page","link":"https:\/\/www.tonisson.ee\/joeranna\/","title":{"rendered":"<strong>J\u00f5eranna villa on kodu, millest oled unistanud!<\/strong>"},"content":{"rendered":"<h2>J\u00f5gi ja j\u00f5erand-<\/h2>\n<p>-need on P\u00e4rnule igiomased v\u00e4\u00e4rtused, mida naudivad k\u00f5ik p\u00e4rnakad ja see on see, mille p\u00e4rast P\u00e4rnusse ikka ja j\u00e4lle tagasi tullakse.<br \/>\nNaudi j\u00f5ge kogu oma mitmekesisuses n\u00fc\u00fcd oma uue kodu aknast!<br \/>\nJ\u00f5eranna villa asub vahetult P\u00e4rnu j\u00f5e vasakkaldal soodsaimas asukohas P\u00e4rnu kesklinna piiril, Jaansoni terviseraja \u00e4\u00e4res, j\u00f5est 15 m kaugusel, aadressil V\u00e4ike-J\u00f5e 12a.<\/p>\n<p>L\u00e4hedal on kesklinn oma kaubanduskeskuste ja teenindusasutustega &#8211; \u00fches\u00f5naga parim paik nii puhkuseks kui pereeluks.<\/p>\n<p>L\u00e4hi\u00fcmbuses on paljude roheliste aedadega eramud ja v\u00e4iksemad korterelamud ehk t\u00f5eliselt id\u00fclliline aedlinn. Samas p\u00e4\u00e4seb t\u00e4nu heale liikluslahendusele ka kiiresti kesklinna.<\/p>\n<p>7-korterilise elamu pikaajaline kulus\u00e4\u00e4stlikkus tagatakse energiatagastusega ventilatsioonis\u00fcsteemi ja \u00f6konoomse Fortumi kaugk\u00fcttelahendusega p\u00f5randak\u00fctte baasil. Kasutatavad tehnoloogiad, materjalid ja ehituskvaliteet annavad elamule B-klassi<\/p>\n<p>Elamu arhitektuuris on l\u00e4htutud piirkonnale iseloomulikest v\u00f5tetest, et luua \u00fcmbritsevat keskkonda arvestav kaasaegse vormikeelega kodu.\u00a0Elamu v\u00e4lisviimistluses domineerib puit \u2013 lihtsa profiiliga laudisega kaetud fassaadipinnad vahelduvad \u00f5huliste puitprofiilidest \u017ealusiidega ja ristkihtpuitpaneelidest seinaosadega. R\u00f5dude piirded on klaasist. Elamu terrasside ja r\u00f5dude juurde on projekteeritud puitprofiilidest pergolad, mis aitavad elamut siduda krundi haljastusega.<\/p>\n<p>Elamu maht on kahekorruseline tasakatusega hoone. Arhitektuurne maht on liigendatud, nii tekib piirkonnale omaste proportsioonidega hoone. Selline l\u00e4henemine v\u00f5imaldab kujundada pigem villaliku hoone ja tervikliku kaasaegse arhitektuurikeelega elukeskkonna. V\u00e4ike-J\u00f5e t\u00e4nava poole tekib avar sise\u00f5u, kus asuvad p\u00e4\u00e4sud korteritesse ja avatud trepp teisele korrusele.<\/p>\n<p>Korterite plaanilahenduses on l\u00e4htutud avatud ruumi printsiibist, kus elutuba, k\u00f6\u00f6gi ja s\u00f6\u00f6gitoa ning esiku tsoonid on liidetud \u00fchtseks voolavaks ruumiks. Korterites on k\u00f6\u00f6gid kujundatud ni\u0161\u0161idena v\u00f5i eraldatavate tsoonidena. Du\u0161iruumid on projekteeritud avarad. Esikutesse on ette n\u00e4htud garderoobid. K\u00f5ikides korterites on panipaigaruumid. Esimese korruse korteritele on ette n\u00e4htud terrassid, teise korruse korteritele r\u00f5dud. K\u00f5ik korterid omavad vaadet<\/p>\n<p>Elamul on oma privaatne haljastatud hoov koos parklaga.<\/p>\n<p>P\u00e4rnule omase arhitektuurikeelega v\u00e4ikeste kodukuludega 2-3 toalised korterid on valminud aastal 2018.<\/p>\n<p>Korterites on kogu ulatuses vesip\u00f5randak\u00fcte. Innovaatilise uuendusena on soojustagastusega kaasaegne ventilatsioonis\u00fcsteem, mis suunab ventilatsiooniga v\u00e4ljuva energia tagasi korteri k\u00fctmiseks ja aitab sedasi kokku hoida 10-30% energiast.<\/p>\n<p>Iga korteri koosseisus on panipaik ja oma parkimiskoht suletava v\u00e4ravaga hoovis.<\/p>\n<p>Elamu krundi s\u00fcgavuses on privaatne, aiaga \u00fcmbritsetud roheline hoov, kus on elanike parkimis-, puhke- ning m\u00e4nguala.<\/p>\n<p><strong>KORTERI HINNA SEES on K\u00d6\u00d6GIM\u00d6\u00d6BEL koos pliidi, ahju, kraanikausi, k\u00fclmiku ja n\u00f5udepesumasinaga ning stiilne sanitaartehnika<\/strong><strong>.<\/strong><\/p>\n<h3>Tule oma uut kodu vaatama!<\/h3>\n<p>&nbsp;<\/p>\n","protected":false},"excerpt":{"rendered":"<p>J\u00f5gi ja j\u00f5erand- -need on P\u00e4rnule igiomased v\u00e4\u00e4rtused, mida naudivad k\u00f5ik p\u00e4rnakad ja see on see, mille p\u00e4rast P\u00e4rnusse ikka ja j\u00e4lle tagasi tullakse. Naudi j\u00f5ge kogu oma mitmekesisuses n\u00fc\u00fcd oma uue kodu aknast! J\u00f5eranna villa asub vahetult P\u00e4rnu j\u00f5e vasakkaldal soodsaimas asukohas P\u00e4rnu kesklinna piiril, Jaansoni terviseraja \u00e4\u00e4res, j\u00f5est 15 m kaugusel, aadressil V\u00e4ike-J\u00f5e [&hellip;]<\/p>\n","protected":false},"author":1,"featured_media":0,"parent":0,"menu_order":0,"comment_status":"closed","ping_status":"closed","template":"","meta":{"_acf_changed":false,"footnotes":"","_links_to":"","_links_to_target":""},"class_list":["post-78","page","type-page","status-publish","hentry"],"acf":[],"_links":{"self":[{"href":"https:\/\/www.tonisson.ee\/joeranna\/wp-json\/wp\/v2\/pages\/78","targetHints":{"allow":["GET"]}}],"collection":[{"href":"https:\/\/www.tonisson.ee\/joeranna\/wp-json\/wp\/v2\/pages"}],"about":[{"href":"https:\/\/www.tonisson.ee\/joeranna\/wp-json\/wp\/v2\/types\/page"}],"author":[{"embeddable":true,"href":"https:\/\/www.tonisson.ee\/joeranna\/wp-json\/wp\/v2\/users\/1"}],"replies":[{"embeddable":true,"href":"https:\/\/www.tonisson.ee\/joeranna\/wp-json\/wp\/v2\/comments?post=78"}],"version-history":[{"count":28,"href":"https:\/\/www.tonisson.ee\/joeranna\/wp-json\/wp\/v2\/pages\/78\/revisions"}],"predecessor-version":[{"id":653,"href":"https:\/\/www.tonisson.ee\/joeranna\/wp-json\/wp\/v2\/pages\/78\/revisions\/653"}],"wp:attachment":[{"href":"https:\/\/www.tonisson.ee\/joeranna\/wp-json\/wp\/v2\/media?parent=78"}],"curies":[{"name":"wp","href":"https:\/\/api.w.org\/{rel}","templated":true}]}}